3)*(3 + 0).
1
Let n = -16 - -12. Let l = 5 - n. What is the remainder when (-1)/(-3) - 98/(-3) is divided by l?
6
Let p(w) = -w**2 - 9*w + 17. Calculate the remainder when 89 is divided by p(-7).
27
Suppose w + 3 = 4. Let q be 0 + (w + 1)/1. Let l(p) = p**3 - p**2 + p + 1. What is the remainder when 19 is divided by l(q)?
5
Let y(c) = -c - 5. Let r be y(-10). Suppose -3*d - 2*d = 3*p + 9, -p + r*d + 17 = 0. Suppose -p*x = -5 - 5. What is the remainder when 13 is divided by x?
3
Suppose 0 = -5*q + 3 + 7. Suppose 0*d - 6 = -2*d. Suppose 4*t - 3*s = 28, 5*t - d*s - 3 - 29 = 0. What is the remainder when t is divided by q?
0
Suppose -4*s - 3 + 55 = 0. Suppose -5*v + 9 = -3*x - 4, 4*x - 31 = -3*v. Calculate the remainder when s is divided by v.
3
Let n = -49 - -127. Calculate the remainder when n is divided by ((-2)/3)/((-2)/60).
18
Calculate the remainder when (-44 + 7)/(3/(-3)) is divided by (3 - -16) + (0 - 0).
18
Suppose 0*z - 69 = -3*z. Suppose 5*w - 22 = z. Calculate the remainder when 26 is divided by w.
8
Let k(z) = 3*z - 2. Let p(c) = 7*c - 4. Let s(n) = -5*k(n) + 2*p(n). Calculate the remainder when 6 is divided by s(-2).
2
Suppose -8*d - 25 = -13*d. Suppose d*j + 5 = 10. Calculate the remainder when -2 + (-2 - (-6 - -1)) is divided by j.
0
Suppose 0 = -z - 3*m - 9, -z + 6*z - 40 = 2*m. Suppose 0 = -5*t + z*t - 17. Let q = 25 - -25. What is the remainder when q is divided by t?
16
What is the remainder when ((-4)/(-6) + 2)/((-10)/(-225)) is divided by 17?
9
Let k(d) = 101*d + 2. Let p be k(2). Suppose q + 3*q - p = 0. What is the remainder when q is divided by 13?
12
Suppose -g + 31 + 22 = -4*p, 2*p = 0. Calculate the remainder when g is divided by 18.
17
Let c(w) = w**2 + 3*w + 14. What is the remainder when c(-6) is divided by 11?
10
Suppose -116*w + 111*w = -195. Calculate the remainder when 106 is divided by w.
28
Suppose x - 11 = 20. What is the remainder when 120 is divided by x?
27
Suppose -4*w + 6*w = -f + 52, 4*f = -5*w + 133. Suppose 5*h + 10 - w = 0. What is the remainder when 8 is divided by h?
2
Let d = 5 + 19. Let m = 35 - d. Suppose 3*s = -3*b + 81, -2*s + 39 + 31 = -2*b. What is the remainder when s is divided by m?
9
Let p = 30 + -11. Let z = 87 + -52. Calculate the remainder when z is divided by p.
16
Suppose 14*q - 19*q = -335. Calculate the remainder when q is divided by 23.
21
Suppose 11*f - 34 = 87. What is the remainder when 43 is divided by f?
10
Let p be 44/4 + 2/2. Let o = 18 - p. What is the remainder when 10 is divided by o?
4
Suppose 0 = -w - 0*w - 1, 5*z - 2*w - 177 = 0. Suppose -2*p = 8, 3*g - 48 = -0*p + 3*p. Suppose 4*j - 5*j + g = 0. What is the remainder when z is divided by j?
11
Let t = 24 + -19. Let l(z) = 3*z**2 - 2*z + 3. Let d(g) = 2*g**2 - g + 1. Let k(i) = 5*d(i) - 3*l(i). Calculate the remainder when k(3) is divided by t.
3
Let h = 3 - 3. Suppose j = -0*j + 12. What is the remainder when j is divided by (h + 7)*(0 + 1)?
5
Suppose 4*z - 3 = z - u, -u = 3. Suppose -4*t + 26 = -z*t. What is the remainder when t is divided by 8?
5
Suppose 14 = 2*v - 22. Calculate the remainder when 50 is divided by v.
14
Suppose -b + 123 = r + 34, -8 = 4*r. Let a = b + -11. Suppose w - a = -w. Calculate the remainder when w is divided by 14.
12
Let y = -3 + 5. Let v(s) = 5*s**3 + 2*s**2 - 3*s + 3. Let l be v(y). Let u = l - 31. Calculate the remainder when u is divided by 5.
4
Suppose -r + 34 = m - 0*m, 5*r + 118 = 4*m. What is the remainder when m is divided by 18?
14
Let u(o) = -o**2 + 7*o + 3. Calculate the remainder when 16 is divided by u(6).
7
Let f(q) = -q**3 - 14 + 11*q**2 + q + 3*q - q + 0*q. Calculate the remainder when f(11) is divided by 11.
8
Let q(g) = 3*g**2 + 3*g + 2. Suppose j = -4*j + 10. Suppose 3*w - 5*o - 16 = 0, 0*o - 10 = j*o. Calculate the remainder when q(w) is divided by 11.
9
Suppose -w + 9 = 3*x + 3, 2*x + 3*w = 4. Calculate the remainder when 2 is divided by x.
0
Let u be 49*1/(-2)*-2. Suppose 14 = 3*w - u. Let v = w - 7. What is the remainder when 27 is divided by v?
13
Let d(o) be the first derivative of o**4/4 - 2*o**3/3 - o**2 - 2*o - 2. Let a be d(3). Calculate the remainder when -1 + a - (-13)/1 is divided by 5.
3
Let g(x) = -4*x + 1. Let p(s) = -2*s + 16. Let c be p(10). Let v = 10 + c. What is the remainder when g(-5) is divided by v?
3
Let z(l) = -l**3 - 5*l**2 + 6*l + 1. Let o be z(-6). Calculate the remainder when o - -1*(3 + 19) is divided by 8.
7
Suppose -3*c - 2*l - 5 = -43, 4*c = 5*l + 89. Calculate the remainder when 46 is divided by c.
14
Suppose 3*h = y + 69, -3*h - 3*y + 69 = 2*y. What is the remainder when 43 is divided by h?
20
Suppose 0 = -4*q - 5*b + 83, -2*b = 3*q + 3*b - 61. Calculate the remainder when 87 is divided by q.
21
Suppose 3*k - 228 + 15 = -5*f, -f + 267 = 4*k. What is the remainder when k is divided by 23?
20
Let c = 16 - -6. Calculate the remainder when 108 is divided by c.
20
Suppose -9*h + 114 = -2766. Calculate the remainder when h is divided by 46.
44
Suppose -5*u + u = -12. Suppose -4*g + 4*n = 92, 2*n + 67 = -4*g + n. Let k = -11 - g. Calculate the remainder when k is divided by u.
1
Suppose 20*c = 7*c + 1508. What is the remainder when c is divided by 12?
8
Suppose -6 = 5*d - 6*d. Suppose 9*b + d = 10*b. Suppose 0 = -h + 3*h - 4. What is the remainder when b is divided by h?
0
Let x(n) = -4*n - 28. Calculate the remainder when 54 is divided by x(-9).
6
Suppose 7*r + 3*m = 2*r + 15, 9 = 3*r - 3*m. Suppose 5*y = o - 34, -2*o = r*o + 5*y - 80. What is the remainder when o is divided by 10?
9
Suppose 11 = 5*b - 4*j - 17, 0 = -b + 2*j + 2. Suppose 0 = b*v - 4*v - 108. Calculate the remainder when 26 is divided by (v/(-6))/(2/(-4)).
8
Suppose -7*n + 14 = -7. Suppose n*d = 5*i + 28 + 89, d - 41 = i. What is the remainder when d is divided by 16?
12
Let p(w) = -w**2 + 55. Suppose 0 = -0*i + i + 2. Let k be -4 - -5 - (-2)/i. What is the remainder when p(k) is divided by 19?
17
Suppose 5*x - 4*r = 2*x, 0 = 5*r. Suppose x = -3*z + 3, n = 4*z + 14 + 13. What is the remainder when n is divided by 11?
9
Let g(t) = -3*t**2 - t**3 + 8*t**2 + 3 - 5*t**2. Let v be g(0). Suppose -v*j - 6 = -81. Calculate the remainder when j is divided by 7.
4
Let p = -24 + 36. Let m(u) = 29*u - 9. Let z be m(6). Suppose -2*w = -5*r + z, 2*r - 5*w = -3*r + 150. Calculate the remainder when r is divided by p.
11
Let j = -13 - -18. Let q = -3 + j. What is the remainder when q is divided by 1?
0
Let u be 31/(-3) + 5/15. Calculate the remainder when 4/u + 37/5 is divided by 5.
2
Suppose 0 = -5*s + 2*w + 6 - 19, 4*w = s - 1. What is the remainder when -22*(1 - (-2 - -4)) is divided by ((-18)/(-5))/(s/(-10))?
10
Suppose -3*b + 3*x + 21 = -9, -2*b - 5*x - 15 = 0. Let i = b - 3. Calculate the remainder when i is divided by 2/6 - 5/(-3).
0
Suppose -9 = -4*g + 71. Suppose -3*h - z = h - g, -h + 5 = z. What is the remainder when 13 is divided by h?
3
Suppose 0 = -5*t + 5 - 0. Suppose -39*j = -41*j + 4. Calculate the remainder when t/2*(-16)/(-2) is divided by j.
0
Let f be 1/2 + (-6)/(-4). Let p = 44 - 24. Suppose 4*c - p = f*c. Calculate the remainder when 19 is divided by c.
9
Let c = 3 - -10. Calculate the remainder when 48 is divided by c.
9
Let q = -19 + 36. Suppose 2*s + 1 = -5*o + 36, -3*o = 4*s - 7. Calculate the remainder when q is divided by o.
8
Let z(w) = -4*w**3 - 4*w - 7. Let q(v) = 5*v**3 + 5*v + 8. Let g(s) = 3*q(s) + 4*z(s). Let b = 7 + -11. Calculate the remainder when g(b) is divided by 22.
20
Let v = 1 - -22. What is the remainder when v is divided by 8?
7
Let q(j) = 4*j - 3. Suppose -2*z - 2*z = 5*v + 325, 0 = -2*v + 5*z - 130. Let i = v + 91. What is the remainder when i is divided by q(3)?
8
Let y = -74 - -106. Calculate the remainder when 125 is divided by y.
29
Suppose -4*i + 22 = 5*p, 5*i - 12 = -3*p + 2*i. Let l = p - -15. Calculate the remainder when l is divided by 12.
9
Let y(p) = p - 1. Let u be y(11). Let m = u + -1. Calculate the remainder when m is divided by 5.
4
What is the remainder when 6 is divided by (4 - (4 + -6)) + -3?
0
Let s be 7*1 - (-2 + 4). Suppose s*g = 6*z - z - 105, 3*z = 2*g + 67. Calculate the remainder when z is divided by ((-130)/4)/(-5)*2.
12
Let z(i) = i**2 + i - 8. Let f(t) = t**3 + 8*t**2 - 9*t + 9. What is the remainder when z